{"id":13,"date":"2015-08-25T11:53:30","date_gmt":"2015-08-25T11:53:30","guid":{"rendered":"http:\/\/www.grebllom.se\/?page_id=13"},"modified":"2022-06-21T20:10:52","modified_gmt":"2022-06-21T20:10:52","slug":"styrelsen","status":"publish","type":"page","link":"https:\/\/www.grebllom.se\/index.php\/styrelsen\/","title":{"rendered":"Styrelsen"},"content":{"rendered":"<p>&nbsp;<\/p>\n<p>F\u00f6r att kontakta styrelsen kan man skriva till v\u00e5r gemensamma e-post: styrelsen@grebllom.se. Man kan ocks\u00e5 l\u00e4mna ett brev i v\u00e5r brevl\u00e5da i port nr 16, den t\u00f6ms en g\u00e5ng i veckan.<\/p>\n<p>Styrelsen sammantr\u00e4der en g\u00e5ng per m\u00e5nad.<\/p>\n<p>&nbsp;<\/p>\n<div class=\"tmm tmm_mattias-rossner\"><div class=\"tmm_4_columns tmm_wrap tmm_theme_f\"><span class=\"tmm_two_containers_tablet\"><\/span><div class=\"tmm_container\"><div class=\"tmm_member\" style=\"border-top:#333333 solid 5px;\"><div class=\"tmm_photo tmm_pic_mattias-rossner_0\" style=\"background: url(http:\/\/www.grebllom.se\/wp-content\/uploads\/2015\/08\/palpatine.jpeg); margin-left: auto; margin-right:auto; background-size:cover !important;\"><\/div><div class=\"tmm_textblock\"><div class=\"tmm_names\"><span class=\"tmm_fname\">Terese<\/span> <span class=\"tmm_lname\">Bj\u00f6rsenius<\/span><\/div><div class=\"tmm_job\">Ordf\u00f6rande<\/div><div class=\"tmm_scblock\"><\/div><\/div><\/div><div class=\"tmm_member\" style=\"border-top:#333333 solid 5px;\"><div class=\"tmm_photo tmm_pic_mattias-rossner_1\" style=\"background: url(http:\/\/www.grebllom.se\/wp-content\/uploads\/2015\/08\/hunter.jpeg); margin-left: auto; margin-right:auto; background-size:cover !important;\"><\/div><div class=\"tmm_textblock\"><div class=\"tmm_names\"><span class=\"tmm_fname\">Max<\/span> <span class=\"tmm_lname\">Adolfsson<\/span><\/div><div class=\"tmm_job\">Vice ordf\u00f6rande<\/div><div class=\"tmm_scblock\"><\/div><\/div><\/div><span class=\"tmm_two_containers_tablet\"><\/span><div class=\"tmm_member\" style=\"border-top:#333333 solid 5px;\"><div class=\"tmm_photo tmm_pic_mattias-rossner_2\" style=\"background: url(http:\/\/www.grebllom.se\/wp-content\/uploads\/2015\/08\/grievousbadass.jpg); margin-left: auto; margin-right:auto; background-size:cover !important;\"><\/div><div class=\"tmm_textblock\"><div class=\"tmm_names\"><span class=\"tmm_fname\">Filip<\/span> <span class=\"tmm_lname\">Joelsson<\/span><\/div><div class=\"tmm_job\">Kass\u00f6r<\/div><div class=\"tmm_scblock\"><\/div><\/div><\/div><div class=\"tmm_member\" style=\"border-top:#333333 solid 5px;\"><div class=\"tmm_photo tmm_pic_mattias-rossner_3\" style=\"background: url(http:\/\/www.grebllom.se\/wp-content\/uploads\/2015\/08\/sw_mci_jabba-the-hut.jpg); margin-left: auto; margin-right:auto; background-size:cover !important;\"><\/div><div class=\"tmm_textblock\"><div class=\"tmm_names\"><span class=\"tmm_fname\">Jonas<\/span> <span class=\"tmm_lname\">Berg<\/span><\/div><div class=\"tmm_job\">Sekreterare<\/div><div class=\"tmm_scblock\"><\/div><\/div><\/div><span class=\"tmm_two_containers_tablet\"><\/span><\/div><span class=\"tmm_columns_containers_desktop\"><\/span><div class=\"tmm_container\"><div class=\"tmm_member\" style=\"border-top:#333333 solid 5px;\"><div class=\"tmm_photo tmm_pic_mattias-rossner_4\" style=\"background: url(http:\/\/www.grebllom.se\/wp-content\/uploads\/2015\/08\/darth_vader_black_and_white_by_azzheasman-d47ht2p.jpg); margin-left: auto; margin-right:auto; background-size:cover !important;\"><\/div><div class=\"tmm_textblock\"><div class=\"tmm_names\"><span class=\"tmm_fname\">Stela<\/span> <span class=\"tmm_lname\">Skalieri<\/span><\/div><div class=\"tmm_job\">Ledamot<\/div><div class=\"tmm_scblock\"><\/div><\/div><\/div><div class=\"tmm_member\" style=\"border-top:#333333 solid 5px;\"><div class=\"tmm_photo tmm_pic_mattias-rossner_5\" style=\"background: url(http:\/\/www.grebllom.se\/wp-content\/uploads\/2022\/06\/Yoda_SWSB.png); margin-left: auto; margin-right:auto; background-size:cover !important;\"><\/div><div class=\"tmm_textblock\"><div class=\"tmm_names\"><span class=\"tmm_fname\">Hampus<\/span> <span class=\"tmm_lname\">Hallkvist<\/span><\/div><div class=\"tmm_job\">Suppleant<\/div><div class=\"tmm_scblock\"><\/div><\/div><\/div><div style=\"clear:both;\"><\/div><\/div><\/div><\/div>\n<p>&nbsp;<\/p>\n","protected":false},"excerpt":{"rendered":"<p>&nbsp; F\u00f6r att kontakta styrelsen kan man skriva till v\u00e5r gemensamma e-post: styrelsen@grebllom.se. Man kan ocks\u00e5 l\u00e4mna ett brev i v\u00e5r brevl\u00e5da i port nr 16, den t\u00f6ms en g\u00e5ng i veckan. Styrelsen sammantr\u00e4der en g\u00e5ng per m\u00e5nad. &nbsp; &nbsp;<\/p>\n","protected":false},"author":1,"featured_media":0,"parent":0,"menu_order":0,"comment_status":"closed","ping_status":"closed","template":"","meta":{"footnotes":""},"class_list":["post-13","page","type-page","status-publish","hentry"],"_links":{"self":[{"href":"https:\/\/www.grebllom.se\/index.php\/wp-json\/wp\/v2\/pages\/13","targetHints":{"allow":["GET"]}}],"collection":[{"href":"https:\/\/www.grebllom.se\/index.php\/wp-json\/wp\/v2\/pages"}],"about":[{"href":"https:\/\/www.grebllom.se\/index.php\/wp-json\/wp\/v2\/types\/page"}],"author":[{"embeddable":true,"href":"https:\/\/www.grebllom.se\/index.php\/wp-json\/wp\/v2\/users\/1"}],"replies":[{"embeddable":true,"href":"https:\/\/www.grebllom.se\/index.php\/wp-json\/wp\/v2\/comments?post=13"}],"version-history":[{"count":29,"href":"https:\/\/www.grebllom.se\/index.php\/wp-json\/wp\/v2\/pages\/13\/revisions"}],"predecessor-version":[{"id":186,"href":"https:\/\/www.grebllom.se\/index.php\/wp-json\/wp\/v2\/pages\/13\/revisions\/186"}],"wp:attachment":[{"href":"https:\/\/www.grebllom.se\/index.php\/wp-json\/wp\/v2\/media?parent=13"}],"curies":[{"name":"wp","href":"https:\/\/api.w.org\/{rel}","templated":true}]}}